ghest common divisor of g and n?
27
Suppose -5 + 17 = 6*l. Suppose -8*s + 60 = -l*s. Calculate the greatest common divisor of 40 and s.
10
Suppose -21*b - 98400 = -103*b. Calculate the greatest common factor of 75 and b.
75
Let x be 10/(-20)*0/(-1). Suppose x = -n + 8*n - 315. Suppose 6*h = 3*h + n. What is the highest common divisor of h and 3?
3
Suppose 0*v - 255 = -3*v. Let x be (4/(-10))/(2/(-170)). What is the greatest common factor of x and v?
17
Suppose -2*i = -5 - 5. Suppose -7 = i*b - 57. What is the greatest common divisor of 50 and b?
10
Let u(f) = -f - 11. Let i be u(-5). Let o be (-51)/i - 6/(-12). Calculate the greatest common divisor of 9 and o.
9
Let m(n) = 25*n**3 - 4*n**2 + 4. Let c be m(2). Suppose -2*a = 3*a + 10, -2*i + 3*a = -c. What is the greatest common divisor of 7 and i?
7
Let y(o) = 6*o**2 - 13*o - 35. Let w be y(-7). Calculate the greatest common divisor of w and 5.
5
Let x be 15 - (13 + 3 + -8). What is the highest common factor of x and 959?
7
Suppose -8 = -4*m - 0*m. Suppose q + l = m*q - 44, 4*q - 148 = -3*l. Let n(w) = -2*w + 2. Let r be n(-4). What is the highest common factor of q and r?
10
Let o be 2*(18/4 + 2). Let y be ((-4)/(48/(-15)))/(1/132). Suppose 3*a - 9 = 0, 3*g + 3*a = -0*a + y. Calculate the greatest common divisor of o and g.
13
Suppose 5*x = -246 + 1. Let l = -34 - x. Calculate the greatest common factor of l and 5.
5
Suppose 180 = 28*j - 13*j. Calculate the greatest common divisor of 114 and j.
6
Let p(h) = 10*h + 3. Let l be p(0). Suppose 0 = o + q - 16, 0*q + l*q = 12. Suppose 0*n = -n + 60. What is the highest common factor of n and o?
12
Suppose 0*s = s. Let x be (s - 599) + 12/(-6). Let w = -414 - x. Calculate the greatest common factor of 17 and w.
17
Let y be 199 + 4 - -1*1. Let d be ((-8)/10)/(4/(-10)). Suppose u - y = -d*u. Calculate the greatest common divisor of u and 17.
17
Let i(m) = m**2 - 16*m + 43. Let z be i(19). What is the greatest common factor of z and 40?
20
Let n be (531/3)/(21/12 + -1). Let h = n + -124. Suppose 12 = -3*v, -6*s + 2*s = 2*v - 48. Calculate the highest common factor of s and h.
14
Let k(z) = 27*z + 3. Let p be k(4). Calculate the greatest common divisor of p and 37.
37
Let m be (-5104)/116*2*21/(-8). What is the greatest common divisor of 77 and m?
77
Let y(u) = 8*u - 9. Let x be y(12). Suppose -3*f = -2*h - x - 19, -3*h - 143 = -4*f. Calculate the highest common divisor of 48 and f.
16
Suppose -4*j - 76 = -2*h, 5*h - 2*j - 52 - 178 = 0. What is the greatest common divisor of 840 and h?
24
Let v = 177 - 57. Suppose 3*i = -i + v. Suppose 0 = 4*z - 6*z + i. What is the highest common factor of z and 6?
3
Suppose -5*y + m + 30 = 4*m, y + 17 = 4*m. Suppose 0 = w + 5, 0*k = 2*k + y*w - 5. What is the highest common divisor of 15 and k?
5
Let n = -85 - -88. Suppose 0 = -5*i + 3*x + 37, 0 + n = 3*x. What is the greatest common divisor of i and 8?
8
Let m = -1104 - -1167. What is the highest common factor of m and 28?
7
Let a = -112 + 177. Suppose -t = 5*c - a, -3*c = -4*c - 2*t + 4. Calculate the highest common divisor of 98 and c.
14
Let y = -24 + 20. Let m(x) = -x**3 - 2*x**2 + 2*x + 2. Let d be m(y). Calculate the greatest common divisor of 117 and d.
13
Let k(h) = 93*h**3 + 4*h**2 - 4*h + 1. Let j be k(1). What is the greatest common factor of 2 and j?
2
Let l(r) = 4*r**2 + 29*r + 111. Let k be l(-5). Suppose -2*m = -7*m - 5. Let d be ((-3)/6 - m)*12. Calculate the greatest common factor of k and d.
6
Let l(b) = 17*b - 12. Let m be l(8). Suppose 2*o = m - 26. Suppose -4*s + 22 = -3*s - 3*w, -40 = -5*s + w. Calculate the highest common divisor of o and s.
7
Suppose -6*r = 4*r - 40. Suppose 40 = 5*k - 4*s, -5*s = r*k + k - 85. Calculate the greatest common factor of 48 and k.
12
Let n be 6/22 + 285880/440. What is the greatest common factor of 52 and n?
26
Let l = -956 - -1588. Calculate the highest common factor of 16 and l.
8
Let i be 316 + (-4)/10 + 6096/(-635). Let w = 50 + -32. What is the greatest common divisor of i and w?
18
Suppose 195*f = 198*f - 90. What is the highest common factor of f and 18?
6
Suppose 0 = -2*c - 52 - 32. Let g be (c/(-10))/((-2)/(-20)). Suppose 810 - 922 = -8*d. Calculate the greatest common divisor of d and g.
14
Let q = -53 - -58. Suppose -q*t + 5*i + 1410 = 0, 4*i = -4*t - 328 + 1488. Calculate the greatest common factor of t and 26.
26
Suppose 2*u + 4*r - 92 = -2*u, 0 = 4*u - 4*r - 124. Calculate the greatest common divisor of u and 315.
9
Suppose -724 = -14*z + 2748. What is the greatest common divisor of 8 and z?
8
Let j(c) = 26 - 29 - 8*c - 28. Let w be j(-17). Calculate the highest common divisor of 21 and w.
21
Let n = -12 - -12. Suppose n = -5*y - 3*j + 19, 4*j = -4*y - j + 23. Calculate the greatest common divisor of y and 6.
2
Let d = -128 + 148. Calculate the highest common factor of d and 230.
10
Let y be ((-2)/3)/((-13)/(741/(-2))). Let x(q) = q**2 + 15*q - 30. Let p be x(y). What is the greatest common factor of 69 and p?
23
Let m(o) = -o + 1. Let v(a) = a**3 - 10*a**2 + 4*a - 6. Let g(r) = 6*m(r) - v(r). Let x be g(8). Calculate the highest common divisor of 6 and x.
6
Let g(c) = 2*c + 46. Let x be g(2). Let n(s) = 10*s + 15. Let j be n(11). What is the highest common divisor of j and x?
25
Let d(w) = -w + 2. Let k be d(0). Suppose k*l = 4*l. Suppose l = 7*p - 4*p - 42. What is the highest common divisor of p and 14?
14
Let p(w) be the first derivative of 2*w**3/3 + 3*w**2 - 13*w + 7. Let s be p(3). Calculate the greatest common divisor of s and 184.
23
Let b be (11/(-5))/((-114)/(-30) + -4). What is the highest common factor of 704 and b?
11
Suppose f + 8 = 4*l, -3*f + 9 = -l - 22. Calculate the greatest common divisor of 3 and f.
3
Let h be 0*(1 + (0 - 0)). Suppose k - 4*k + 3132 = h. Suppose 4*d - k = -4*z, 5*d - 1810 = -3*z - 499. What is the greatest common divisor of d and 24?
24
Let m = 161 - 91. Suppose o = -m - 21. Let y = o + 157. Calculate the greatest common factor of y and 11.
11
Suppose 3*x + 101 = -0*u + u, 5*u - 2*x - 544 = 0. Let y be -15*(-12 - -10)*2/6. Calculate the greatest common factor of y and u.
10
Let u be 1/(0 - 4/(-12)). Let b be (-2)/u + (-2658)/(-18). What is the highest common divisor of 21 and b?
21
Let i be 1*1/(-2)*12. Let x = -3 - i. Suppose 201 = 8*d + 9. Calculate the greatest common factor of x and d.
3
Let i be 521/5 + 4/5. Suppose -4*o = o - i. What is the greatest common factor of o and 7?
7
Suppose -3*o - 9 = -3*m, -o - 11 = -0*m - 3*m. Let u be 24/30*(1 + (90 - o)). Suppose 2*s - 26 + 8 = 0. What is the greatest common factor of s and u?
9
Let g(p) be the third derivative of -p**6/120 - p**5/5 + p**3/3 + p**2. Let i be g(-12). What is the highest common factor of 1 and i?
1
Suppose -f + 5*v + 37 + 80 = 0, -2*f + 225 = -v. Suppose -3*s + 2*t = -458, -4*t = -t - 15. Let d = 170 - s. Calculate the highest common factor of d and f.
14
Suppose 124*z - 121*z = 3. What is the greatest common factor of 20 and z?
1
Let c(z) = -6*z + 16. Let m be c(4). Let t be (-306)/m + (133/28 - 5). What is the greatest common divisor of t and 57?
19
Suppose o - 186 = -4*x - 4*o, -4*o + 188 = 4*x. Suppose 0 = 3*a - 10*a + x. Calculate the greatest common divisor of a and 14.
7
Suppose -2*h = 10, h - 2 = x - 15. Calculate the greatest common divisor of x and 232.
8
Let z be (2/(-5))/((-41)/2460). Calculate the highest common divisor of 216 and z.
24
Let w be (-154)/(-35)*(9 - -1). Let u be (9 + 0)/((-2)/(-16)). Let o = u - w. What is the highest common factor of 56 and o?
28
Let y(f) = -43*f - 29. Let g be y(-7). Calculate the greatest common divisor of 32 and g.
16
Suppose 0*d + 24 = d. Let y(u) = u**2 + 22*u - 19. Let w be y(-23). Suppose 2*x - w*n = 12, -10 + 4 = -x - 2*n. What is the highest common divisor of d and x?
6
Let y be -6 + (-11)/(66/(-96)). Calculate the greatest common divisor of 10 and y.
10
Suppose b - 6 = -4. Suppose 64*f = 77*f - 52. Suppose 240 = b*u + f*u. What is the highest common divisor of u and 60?
20
Suppose -1140 = 13*g - 32*g. Calculate the highest common factor of g and 348.
12
Suppose -120 = -12*m + 348. Suppose -1 = 3*z - d - d, 4*d - 8 = 4*z. Let o be (-79)/(-3) + (-1)/z. What is the highest common divisor of m and o?
13
Suppose 2*a - 89*k + 84*k - 424 = 